 Let j be s(z). What is the highest common factor of j and 20?
20
Suppose 4*m = 15 + 5, 5*n + 5*m = 355. Calculate the greatest common divisor of 6 and n.
6
Suppose 3*s = 8 - 2. Suppose 122 = 5*i - s*n, 60 + 10 = 3*i + 2*n. Suppose 5*d - 4*m = 60, 5*m - 5 + 60 = 5*d. What is the greatest common divisor of d and i?
8
Suppose 36 - 4 = 4*i. Let u(g) = 10*g - 6. Let q be 0/(-3) + (7 - 0). Let f be u(q). What is the highest common factor of f and i?
8
Let b = -84 + 86. What is the greatest common factor of 18 and b?
2
Let r = -18 + 20. Suppose 0 = 2*j + r*j - 160. Suppose -3*t = -3, -x + 2*t + 2 + 1 = 0. Calculate the greatest common divisor of x and j.
5
Let a = -232 - -235. Suppose f + 200 = 5*n, 86 = 4*n + 2*f - 88. Suppose 0 = -4*b + n + 67. Calculate the highest common factor of a and b.
3
Let t = -18 - -28. Suppose -6*a = -a - 50. What is the highest common divisor of t and a?
10
Let x(v) = 2*v**3 + 34*v**2 - 6*v + 18. Let m be x(-17). Suppose 2 = -b + 5. Suppose r = b*r - m. What is the highest common factor of 24 and r?
12
Suppose 5*a = 2*s - 10 - 89, -198 = -5*s - 4*a. Let v = 29 + -23. Calculate the greatest common divisor of v and s.
6
Suppose -5*l - 3*y + 22 = 0, -18 = -5*l + 3*y - 5*y. Suppose -l*i + 200 = 2*i. Calculate the greatest common divisor of i and 20.
10
Let u be (-3)/9 + (-86)/(-6). What is the highest common divisor of 14 and u?
14
Let b = 10 + -7. Suppose 0 = 4*o - 9 - b. What is the highest common divisor of 2 and o?
1
Suppose -k = -3*k. Let y be 14*(k - 1/(-2)). What is the greatest common divisor of 21 and y?
7
Suppose i + 2*i = 36. Let z = 112 + -43. Suppose 4*m + 7*f - 81 = 2*f, -f = 3*m - z. Calculate the greatest common factor of m and i.
12
Suppose -2*d + 4*i + 34 = 0, 0*d = d + 3*i + 8. What is the highest common factor of d and 28?
7
Let c = -189 + 308. Calculate the highest common divisor of 51 and c.
17
Let q(w) = -1. Let n(p) = p - 3. Let x(s) = n(s) - 4*q(s). Let r = 17 - 14. Let m be x(r). What is the greatest common factor of 28 and m?
4
Let k = 106 - -62. Let i be 30/(-105) + 298/14. Calculate the highest common divisor of i and k.
21
Suppose 3*d + 0*d = 408. Calculate the greatest common divisor of d and 17.
17
Let o be 6*(3/(-9) - -3). Calculate the greatest common divisor of o and 176.
16
Suppose -17 = -i - m + 7, 2*i = 4*m + 54. Suppose -i = -3*s + 2. Calculate the greatest common divisor of s and 99.
9
Let c = 10 - 20. Let r = -7 - c. Suppose 0*x - r*x + 255 = 0. Calculate the highest common factor of 17 and x.
17
Let z(t) = -t**3 + t**2 - 2. Let f be z(2). Let p = f + 16. What is the highest common factor of p and 50?
10
Let i(f) = -f**2 + 10*f + 10. Suppose -4*h - 30 = -7*h. Let d be i(h). Calculate the greatest common divisor of 10 and d.
10
Suppose -6*m + 216 = 2*m. Calculate the greatest common divisor of m and 9.
9
Suppose -4*v - 2*w - 20 - 4 = 0, w = -2. Let y be 6/((-17)/v + -3). Suppose 0 = -5*g - 25, -g - 216 + 61 = -2*j. Calculate the highest common factor of j and y.
15
Let r(u) = -u**3 + 5*u**2 + 2*u - 2. Suppose -5*z = -2*v - 14, 3*v + 20 = 2*z + 7*v. Let g be r(z). What is the greatest common factor of 11 and g?
11
Let u be (2 + 1)/(33/880). What is the greatest common factor of u and 16?
16
Let v(q) = 2*q**2 - 3*q + 2. Let c be v(5). Suppose 5*t = -2*h + 132, -2*t + c = 2*h - 11. What is the greatest common divisor of 14 and t?
14
Let b be 3/7 - 5/((-210)/402). What is the highest common factor of 50 and b?
10
Suppose -6 - 4 = -2*d. Let m = -2 - -6. Let n be (-2 - (-126)/8)*m. What is the greatest common divisor of d and n?
5
Suppose -j + 18 = -0. What is the greatest common factor of j and 36?
18
Suppose 4*p + 6*p = 10. Calculate the highest common factor of p and 7.
1
Let l be 0/(-7) + (1 - -39). What is the greatest common divisor of l and 8?
8
Suppose 2*t + 0 = 2*s + 6, -3*s + 3 = 3*t. What is the highest common divisor of t and 8?
2
Let d = 16 + -8. Suppose z - 2*b + 3 - 19 = 0, 2*b = -d. Let a be (z/3)/4*18. Calculate the greatest common divisor of 12 and a.
12
Suppose 0*w = -w + 14. Let k = w + -10. Suppose -3*v + k*y + 57 + 7 = 0, 5*v - y - 118 = 0. What is the highest common factor of v and 6?
6
Suppose 5*h = -5*a + 95, 3 = -3*h - 3. Suppose 0*r + 3*r = a. Calculate the highest common factor of r and 7.
7
Suppose -4*u = 3*p - 37 - 15, 0 = -3*u + p + 26. What is the greatest common divisor of u and 10?
10
Let p be (5 - -1) + 0 - -1. Suppose 2*j = -a + 2, 3 = 2*j + 5*a - 7. Suppose j = 17*n - 19*n + 28. What is the highest common factor of p and n?
7
Let q = 92 + -32. Calculate the greatest common divisor of 12 and q.
12
Suppose 4*k = 2*k + 5*a - 2, -3*k + 20 = 4*a. Suppose n + l - 29 = -l, k*l - 35 = -n. Let y = 59 - n. What is the greatest common factor of 54 and y?
18
Suppose -5*z - 4*o = -39, -5*z + 3*o = -19 - 13. Calculate the greatest common divisor of z and 35.
7
Let o = 35 - 25. Let k(h) = h**2 + h. Let n be k(-2). Let s be 2*(-5)/(-2)*n. What is the highest common divisor of s and o?
10
Let p = 14 - 9. What is the greatest common factor of p and 5?
5
Suppose h + i + i = 43, 63 = h - 3*i. What is the highest common divisor of 34 and h?
17
Suppose i - 100 = 3*l - 2*l, i - 84 = -3*l. Calculate the highest common divisor of i and 12.
12
Suppose 13 = 2*s + 7. Suppose -5*c + 2*a + 41 = -25, 5*c - 76 = -s*a. Calculate the greatest common factor of 21 and c.
7
Let d = -33 + 34. What is the greatest common factor of d and 1?
1
Suppose -5*u + 73 + 452 = 0. What is the highest common factor of u and 15?
15
Let z be 3 - ((-2 - -3) + -1). Suppose p = -z*o + 20, -2*p - 4*o + 9*o = -18. Suppose 4*s - 28 = 2*s. Calculate the greatest common factor of p and s.
14
Suppose r - 3*q - 15 = 0, -5*r - 21 = -8*r - 3*q. What is the highest common divisor of 72 and r?
9
Let x be (-363)/21 - (-6)/21. Let p = x - -29. Calculate the highest common divisor of 36 and p.
12
Suppose -4*p + 8*p = 12. Suppose -5*x = -3*y + 1, 2*x - 3*x + p*y - 5 = 0. Let r = x - 0. What is the highest common factor of 1 and r?
1
Let m = -10 - -7. Let h be (-2)/(-2) + -1 - m. Calculate the highest common divisor of 3 and h.
3
Let g(y) = -y - 1. Let k be g(-4). Let n(p) = -p**3 + 19*p**2 - 20*p + 39. Let o be n(18). Calculate the greatest common factor of k and o.
3
Let w be (-50)/(-4) - (-13)/(-26). Let r be (2/6)/((-1)/(-9)). Calculate the highest common divisor of w and r.
3
Let g(u) = u**3 + 14*u**2 - u - 12. Let b be g(-14). Let h be ((-1)/b)/((-3)/174). What is the greatest common factor of h and 203?
29
Let s(y) = -y**2. Let k be s(-7). Let h = -28 - k. Calculate the greatest common factor of 168 and h.
21
Suppose -3*i = 3*u - 3 - 0, 0 = 4*u + 4. Suppose -32 = 2*g + i*g. Let w = -5 - g. What is the greatest common divisor of 3 and w?
3
Let s = 6 + -4. Let i be ((-2)/(-4))/(1/s). What is the highest common divisor of 4 and i?
1
Let l(j) = -19*j + 9. Let x(a) = -3*a + 6. Let n be x(5). Let o be l(n). Suppose -o = -u - u. What is the highest common divisor of 10 and u?
10
Let m = -13 - -76. Suppose 4*l = m - 15. What is the greatest common factor of 12 and l?
12
Suppose -3*d + 2*n - n + 10 = 0, 3*n = 6. Calculate the greatest common divisor of d and 1.
1
Let r be ((-78)/(-3) - (0 + 1)) + -2. What is the highest common divisor of 23 and r?
23
Let j(t) = -t**3 + 3*t**2 + 13*t - 9. Let k be j(5). Calculate the highest common divisor of 36 and k.
6
Suppose 0 = 3*b - 3, -15 = 3*r - 4*b + b. Let z be (-2)/(-1 + (-5 - r)). What is the highest common divisor of 2 and z?
1
Suppose -86 = -14*r + 96. Calculate the highest common factor of 247 and r.
13
Let b(c) = -c + 1. Suppose -2*z = -4*z - 8. Let d be b(z). Let j(f) = 3*f + 4. Let o be j(7). What is the highest common divisor of o and d?
5
Suppose 2*h - n - 30 = -0*n, -4*h + 4*n + 52 = 0. Let w be ((-850)/(-5))/2*1. What is the greatest common factor of h and w?
17
Suppose -4*k + 578 = 74. Suppose -k = -m - m. What is the greatest common factor of m and 7?
7
Let i be ((-20)/(-2))/((-11)/(-22)). Calculate the greatest common divisor of 10 and i.
10
Suppose 3*g - g = 4*f - 54, 17 = f + 3*g. What is the greatest common factor of 14 and f?
14
Let j(a) = -a**3 + 8*a**2 - 6*a - 4. Let c be j(7). Suppose c*d - 54 = d. Let l = -12 - -30. Calculate the greatest common divisor of 